r when 10 is divided by d.
2
Suppose 0 = -4*i - 4*h + 288 - 28, -4*h = 20. Let v = 9 + 15. Calculate the remainder when i is divided by v.
22
Let d(f) = -5*f + 3*f + f. Let b be ((-14)/(-4))/((-9)/18). Calculate the remainder when 11 is divided by d(b).
4
Let z be (2 - 24/10)*-45. Let x = z - 13. Suppose 3*o + 92 = x*o. Calculate the remainder when o is divided by 16.
14
Let c(s) = s**2 + 8*s + 3. Suppose 0 = -0*i + i + 9. Calculate the remainder when ((-3)/(-2))/((-6)/(-88)) is divided by c(i).
10
Let x = -140 - -149. Calculate the remainder when 13 is divided by x.
4
Let i = 1 + 9. What is the remainder when (-1 + 205/10)*2 is divided by i?
9
Let j(c) = -c**3 + 7*c**2 + 11*c - 19. Let i be j(8). Let m = 2 - -1. Suppose 7 = m*w - 4*n, -w + 8 = -i*n + 2. Calculate the remainder when 1 is divided by w.
0
Let i be (3/3 - 1)/1. Suppose 2*b - 2*p - 18 = i, -12 + 45 = 5*b + p. What is the remainder when 27 is divided by b?
6
Let y(s) = -s**3 + s**2 - 5*s - 4. Let c(a) = a**3 - a**2 + 6*a + 5. Let w(m) = 2*c(m) + 3*y(m). What is the remainder when 31 is divided by w(-2)?
15
Suppose -2*z = -8 - 36. Calculate the remainder when z is divided by 8.
6
Let a = -2 - -45. Suppose 88 = 3*l + l. What is the remainder when a is divided by l?
21
Let x = -10 - -27. What is the remainder when 48 is divided by x?
14
Let d be 5/(-2)*(-12)/10. Suppose -16 - 161 = -d*q - 3*t, -5*t + 233 = 4*q. Calculate the remainder when q is divided by 21.
20
Suppose 0 = -5*f + 8 + 2. Suppose 0 = 2*d + f*d - 116. Let v = 7 + 3. What is the remainder when d is divided by v?
9
Calculate the remainder when (-4)/(1 - 19/17) is divided by 2*22/4 - (2 - 3).
10
Suppose -6*f = -a - f + 36, 5*a - 35 = -4*f. Calculate the remainder when a is divided by 2/(-12)*-14 - 46/(-69).
2
Let i be 10/(-25) - 84/(-10). Suppose -h + 74 = -i. Calculate the remainder when h is divided by 21.
19
Suppose 0 = p - 3 + 1. Suppose -4*w = -5*l - 70, l = 3*w - 9 - 49. Suppose 3*u + 0*a - p*a = w, 5*u + 2*a = 60. What is the remainder when 28 is divided by u?
8
Let k = 34 - 20. What is the remainder when 55 is divided by k?
13
Suppose -2*c = 4*m - 108, -m = -4*c - 0*m + 189. What is the remainder when c is divided by 13?
9
Suppose -3*w + 28 + 14 = 0. Suppose 0 = -6*j + 7*j - 4. What is the remainder when w is divided by j?
2
Let a = 10 + -17. Let v = a + 5. Calculate the remainder when 23 is divided by 1*(11 + -1) + v.
7
Let f(c) = 19*c - 3. Let j = 4 - 2. Suppose -5*p = 5*g - 80, -j*p = -2*g - 3*p + 34. What is the remainder when f(2) is divided by g?
17
Let k = -6 - -9. Calculate the remainder when 2 - (-31 + -3 + k) is divided by 12.
9
Suppose 0*x = 2*x - 98. Let v(u) be the second derivative of u**3/6 + 17*u**2/2 - u. What is the remainder when x is divided by v(0)?
15
Suppose 0 = 4*a - 45 - 7. Calculate the remainder when a is divided by 8.
5
Suppose -c + 6 + 9 = 0. What is the remainder when c is divided by 10/(-1)*(-8)/10?
7
Let r = 9 - -95. Suppose -4*z + r = -20. What is the remainder when z is divided by 7?
3
Let a(g) = g**2 + 8*g - 9. Let v be a(-9). Suppose -18 = -w - v*w. Calculate the remainder when 35 is divided by w.
17
Suppose 0*d = 4*d. What is the remainder when (-2 - (-2 - 2)) + 0 is divided by d + (1 - 2 - -2)?
0
Suppose 5*d + 40 = 5*y - 35, -4*d - 20 = 4*y. Suppose -13 + 3 = -2*u. What is the remainder when ((-28)/d)/((-2)/(-10)) is divided by u?
4
Suppose 5*t = -12*t + 561. What is the remainder when t is divided by ((-12)/2)/((-6)/9)?
6
Let k(n) = -21*n**3 + 2*n**2 + n. Calculate the remainder when k(-1) is divided by 13.
9
Let l be (4/12)/((-2)/(-1074)). Suppose -5*v + l = 64. Calculate the remainder when v is divided by 8.
7
Let l(o) = o**2 - 6. Let m be l(3). Suppose i + m*w = 9 - 1, 0 = 2*i - w - 9. Calculate the remainder when 14 is divided by i.
4
Suppose -a + 2 = 0, 28 = -5*m + 3*a - 8. Let t = m - -12. What is the remainder when 10 is divided by t?
4
Let d = -4 - -11. Suppose -3*k + d*k = 64. What is the remainder when 46 is divided by k?
14
Suppose 2*q - 3*u = 16, -5*u = 2*q + 2*q - 32. Calculate the remainder when q is divided by 2.
0
What is the remainder when 50 is divided by (-2)/(-7) - 267/(-21)?
11
Suppose -9 = -2*f - 5*u + 49, 5*f - 4*u = 178. Calculate the remainder when f is divided by 9.
7
Suppose 0*s = -2*s. Let t = 3 + s. What is the remainder when 7 is divided by t?
1
Suppose 3*p - 50 = -s + 2, 4*s = -4*p + 80. Let k(o) = -2*o - 21. Let n be k(-10). Calculate the remainder when p is divided by (54/45)/(n/(-5)).
4
Suppose -g - 3*g = -252. Suppose 4*l - 45 - g = -2*k, 2*k = 0. Calculate the remainder when l is divided by 6.
3
Suppose 5*u = 4*u + 20. Suppose u = b - 0. What is the remainder when b is divided by (-366)/(-54) - 2/(-9)?
6
Let w = 15 - -9. Let c = 36 - w. What is the remainder when 47 is divided by c?
11
Let l = -11 - -49. Let n be 2/4 + 84/8. Let f(g) = g**3 - 11*g**2 + g + 2. What is the remainder when l is divided by f(n)?
12
Let r(d) = -4*d - 22. Calculate the remainder when 45 is divided by r(-7).
3
Let h be 20/2*(-2)/4. Calculate the remainder when (4/h)/(12/(-810)) is divided by 14.
12
Let g(c) = 5*c + 1. Calculate the remainder when 16 is divided by g(1).
4
Let m = 105 + -72. What is the remainder when m is divided by (2/(-6))/(((-8)/108)/2)?
6
Suppose 0*b - b + 13 = 0. Let t = 1 + b. Suppose 4*r - 2*q + 7 - 109 = 0, -3*r + q + 77 = 0. Calculate the remainder when r is divided by t.
12
Suppose 4*l - 156 = 4*v, 0*v = 2*l + v - 63. Let x = 10 + -3. Calculate the remainder when l is divided by 7/x*12/1.
10
Suppose -19 = 4*a - 51. Calculate the remainder when 54 is divided by a.
6
Suppose -27 - 1 = -2*b. What is the remainder when b is divided by 8?
6
Suppose -6*d = -12 - 42. Let x = -59 - -84. Calculate the remainder when x is divided by d.
7
Let r = -3 + 5. Let a be (0/(1 - -1))/r. Suppose a = 4*z - z - 57. Calculate the remainder when z is divided by 7.
5
Suppose 5*l - 2*u = 842, 0 = l + u - 54 - 120. Suppose 2*s + 3*s - l = 0. Calculate the remainder when s is divided by 12.
10
Let j(y) = -15*y**2 - 2*y. Let s be j(-3). Let o = s + 182. What is the remainder when o is divided by 14?
11
Suppose 27*h = 19*h + 120. Calculate the remainder when h is divided by 6.
3
Let d(g) = -g. Let p be d(0). Suppose -3*l + p*l = -9. Suppose -3*m + 2*c + 11 = c, -4*c - 4 = -2*m. Calculate the remainder when m is divided by l.
1
Suppose 4*y - 8 = 0, -2*o = o - 4*y - 46. Suppose -4*l + 8 = -0*l. Suppose -n - l*n = -159. Calculate the remainder when n is divided by o.
17
Let i = 50 - 26. Let b be 28/98 + (-102)/14. Let d = i + b. What is the remainder when d is divided by 9?
8
Suppose 0*f = 3*f + 12. Let u = f + 20. What is the remainder when u/40 - (-306)/10 is divided by 16?
15
Let d = -143 + 190. Suppose 2*b - 70 = -20. What is the remainder when d is divided by b?
22
Suppose -z = -i + 3*i - 95, 0 = -2*i + 5*z + 125. Suppose -5*l + 0*l + 5*p = -i, 29 = 5*l + 2*p. Let w = 0 + 19. Calculate the remainder when w is divided by l.
5
Let o(p) = -p**2 + 17*p - 16. Calculate the remainder when o(12) is divided by 15.
14
Suppose 4*a + 5*t = 415, -a + t = 3*t - 100. Calculate the remainder when a is divided by 84/3 + 1 + -1.
26
Let g = -9 + 50. Calculate the remainder when g is divided by 11.
8
Suppose -4*t + 16 = -0*t, 3*j - 3*t = 36. Let o = 3 + j. What is the remainder when o is divided by 11?
8
Let q(f) = f**3 + 7*f**2 - f - 8. Let o = 17 - 5. What is the remainder when q(-6) is divided by o?
10
Let a = -81 + 140. Let p = 30 + -10. What is the remainder when a is divided by p?
19
Suppose -2*p + 5 = x, -4*p + 13 = x + 4*x. Suppose -y + 10 = -4*w, p*w = -3*y + 22 - 6. What is the remainder when y is divided by 3?
0
Suppose -4*s - 77 + 349 = 0. Suppose -2*x = 22 - s. What is the remainder when 67 is divided by x?
21
Let y(s) = s**3 - s + 2. Calculate the remainder when y(0) is divided by 2.
0
Let f = -36 - -67. What is the remainder when 121 is divided by f?
28
Suppose -144 = -2*m - 3*n, m - 2*n = 35 + 30. What is the remainder when m is divided by 9?
6
Suppose 4*s + 104 = 2*s. What is the remainder when 10/(-25) - s/5 is divided by 3?
1
Let k(g) = g**3 + 11*g**2 + 26*g - 2. What is the remainder when k(-5) is divided by 13?
5
Let v be (6/(-5))/((-4)/10). Suppose -3*m = -5*r